 - 4. Let a be s(-3). Suppose a*t + 2*t - 2*k - 94 = 0, -t - 3*k = -13. Is t a composite number?
True
Suppose -5*x - 2*d = -15 - 1, -x + 14 = 4*d. Let n = 2 - x. Let u(g) = g**2 + g + 65. Is u(n) a prime number?
False
Suppose 0 = 5*l - 3*o - 30, 3 + 3 = l - o. Let y(c) = -6*c - 2. Let t(q) = -6*q - 3. Let s(n) = 5*t(n) - 6*y(n). Is s(l) prime?
False
Suppose -2*w = 0, 5*l - 5*w = 70 - 5. Let r = l - -44. Let o = 112 - r. Is o prime?
False
Let p be 6 - (0 - 3/3). Let h be (-1)/(p/6 - 1). Let q(z) = -3*z - 8. Is q(h) a prime number?
False
Suppose -5*o + 9 = -36. Let a(n) be the third derivative of n**4/3 + 13*n**3/6 + 6*n**2. Is a(o) composite?
True
Let f be 0 + -2 + (-1 - -115). Let v = 4 + 0. Suppose -j - v*p = p - f, 505 = 4*j + p. Is j prime?
True
Let q = 18 - 18. Let l be (0/(-2) + -2)*-6. Suppose q = -3*r + l + 18. Is r composite?
True
Let q(d) = 7*d**2 + 2*d + 1. Let y be q(-1). Is (y/(-2))/((-30)/1270) a prime number?
True
Suppose 2*y - 4*j - 3 + 1 = 0, -4*j + 7 = y. Let q be ((-3)/3)/((-1)/y). Suppose -6*k + n + 650 = -k, n = -q*k + 398. Is k composite?
False
Suppose 3*i - 2*p = -2*i - 381, 0 = -5*i + 4*p - 387. Is ((-14)/21)/(2/i) a composite number?
True
Suppose -4*d = -2*d + 10. Let k(s) = 5*s**2 - 6*s + 2. Is k(d) a composite number?
False
Let b = 4 + 0. Suppose -4*l + b*a - 14 = 2*a, -4*l + 5*a - 29 = 0. Is (4 - 29)/(l - 0) prime?
False
Is 1*2*(-9981)/(-18) a composite number?
False
Let m = 1994 + -910. Suppose -5*n + m + 616 = 0. Suppose 4*c + 4*g - n = 0, -5*c - 3*g = -g - 437. Is c a prime number?
True
Suppose -4*l - l + 106 = 3*r, 0 = -4*r - l + 147. Let h = 12 + r. Is h a composite number?
True
Is 906/(-1)*3/(-2) + 2 composite?
False
Let a = 533 + -259. Is a a composite number?
True
Suppose 11*s + 66 = 13*s. Is s composite?
True
Let b = -116 - -177. Let c = 60 - 96. Let l = b + c. Is l composite?
True
Let b(m) = m**3 + 9*m**2 - 10*m - 7. Suppose -f - 38 = 28. Let n be (-3)/(-9) + f/9. Is b(n) a prime number?
False
Let x = 0 + -1. Is (x/1)/(4/(-148)) composite?
False
Let f(x) = 80*x**2 - x. Let t = 4 + -3. Is f(t) a prime number?
True
Let j(c) = 17*c**2 - 3*c + 1. Let k be j(2). Let i = k - 41. Is i composite?
True
Suppose -25 = -3*w - 2*w. Suppose o - w*o = 2*b - 72, 5*o = -5*b + 190. Suppose 4*u - 356 + b = 0. Is u a prime number?
True
Let c be (4 - 0)/((-4)/(-70)). Suppose m + c = 3*m. Is m a prime number?
False
Suppose y - 1753 = 2*f, 5*y - 5*f = 9653 - 873. Is y a composite number?
False
Suppose 5*r = t - 12, -2*t + 0*r + 3*r = -3. Let a(b) = 2*b + 1. Let f be a(t). Let y(z) = -z**2 - 6*z + 1. Is y(f) a prime number?
False
Suppose -2*g = 35 - 137. Let x = 148 - g. Suppose -12 = 3*f, 3*z = -f - f + x. Is z a prime number?
False
Suppose 4*y = y + 1239. Let u = -280 + y. Is u composite?
True
Let a be ((-2)/5)/((-9)/90). Suppose 0*b - a*b + 1636 = 0. Is b a prime number?
True
Let k = 0 + 1. Let m be k/(-3) + (-71)/3. Is ((-152)/m)/(2/6) prime?
True
Let h = 3 + -1. Let v = 6 - h. Suppose 3*l - v*l + 77 = 0. Is l prime?
False
Let p be (-14)/35 - 44/(-10). Is (p/2 - 1)*53 prime?
True
Let a(p) = p**2 - 3*p - 6. Let t be a(5). Let z be 667/t + (-6)/8. Let g = -97 + z. Is g a prime number?
False
Suppose -5*c + 29 = -766. Is c a prime number?
False
Let k(r) = r**3 - 8*r**2 + 8*r + 4. Let f be k(7). Let i = f + 3. Is i prime?
False
Is 14 - -125 - (-4 + 0) a prime number?
False
Let f(l) = l**3 - l**2 - 2*l + 2. Let u be f(2). Suppose -6*g + 17 = 5*x - u*g, -x + 4*g + 13 = 0. Is 636/5 + (-1)/x a composite number?
False
Is (6 - 2)*(-6)/(120/(-835)) composite?
False
Let i be (4 - 3) + 11 - -3. Let r be 2/3*i/5. Suppose -c = -g + r*g - 82, -c + 2*g = -82. Is c a composite number?
True
Let i(w) = w**2 - 10*w + 10. Let v be i(9). Is (239 + 0/3)/v a composite number?
False
Let i be (-2 - -6) + 4/1. Is 119*i - (-3 + 2) a composite number?
False
Let r be 13/78 + 3511/(-6). Is (-2)/(-6) - r/27 prime?
False
Let o = 330 + -217. Suppose 4*z = 3*d - o + 30, -54 = -2*d + 2*z. Is d prime?
False
Suppose -2*m = m - 6. Let a be (21/m)/((-6)/32). Let b = -31 - a. Is b composite?
True
Let k = 12 + -77. Let r = k + 180. Is r a prime number?
False
Let o(k) = k + 7. Let b be o(0). Suppose b = -y + 1. Let t(d) = -6*d + 2. Is t(y) a composite number?
True
Suppose 0 = -3*t + t + 3*o - 239, t + 5*o + 113 = 0. Let z = 231 + t. Is z a composite number?
False
Suppose -h - p + 99 = 0, 4*h - 3*p - 290 = 78. Let u = 45 + h. Suppose -4*t + 5*t - 44 = 2*z, -3*t = 2*z - u. Is t a prime number?
False
Suppose 0 = u + 3*m - 1 - 14, -3*u + 3*m - 3 = 0. Let n(g) = 4*g**2 + 2 - 2*g + 2*g**u - 5*g + 2*g. Is n(3) a composite number?
True
Let j be 9/3 + (0 - 0). Is 466/(-4)*(1 - j) a composite number?
False
Let o = 4306 - 1583. Is o a composite number?
True
Is (1 + (-5)/10)*1874 a prime number?
True
Suppose -61 = 2*f - 695. Is f a composite number?
False
Let a(u) = u**3 - 6*u**2 - 10*u + 8. Let p = 11 + -2. Is a(p) a prime number?
False
Suppose r + 1 = 4. Suppose 0 = -3*o + r, -u + 0*u - o = -5. Suppose 0 = u*z + 122 - 582. Is z prime?
False
Let r(z) = z - 3. Suppose -4*l - 15 = t - 0*l, 40 = 5*t - 3*l. Let f be r(t). Suppose 0 = -f*w - 5*p + 228, -3*p - 123 = -w - p. Is w a prime number?
False
Let g = -50 - -85. Suppose 0*l - 4*h - 52 = -4*l, g = 3*l - 2*h. Is (-2)/(-3) - (-417)/l a prime number?
True
Let q = -24 - -405. Is q a prime number?
False
Suppose 6*u = 2*u + 72. Let q = u + 1. Is q a composite number?
False
Let h = -7012 - -12344. Let b be (-4)/(-6) - h/(-12). Suppose b = -2*q + 7*q. Is q prime?
True
Let k(i) be the third derivative of i**5/60 + i**4/8 + 3*i**3/2 - 5*i**2. Suppose -5*s = -3*s + 14. Is k(s) a prime number?
True
Let g = -1 - -5. Suppose g*s - 12 = -0*s. Suppose 4*o = -s*y + 245, 3*o = -0*o - y + 180. Is o composite?
False
Let o = -39 + -54. Let x = 64 - o. Is x composite?
False
Is (-2)/16 - 7485/(-40) prime?
False
Is (-5570)/3*(-6)/4 composite?
True
Suppose -5*t + 1175 - 370 = 0. Is t composite?
True
Let z(s) = s**2 + 2*s + 2. Let i be z(-4). Let y be 6/(-5)*i/(-3). Suppose 3*o - 27 = y*r, -r = -4*o - 6*r + 36. Is o prime?
False
Let g(k) = 3*k + 2. Let n be g(-5). Let c = -6 - n. Let v(m) = -m**3 + 10*m**2 - 10*m + 10. Is v(c) composite?
True
Let v = -67 - -128. Let l = 160 + v. Is l a prime number?
False
Suppose -7 = -3*m + 29. Let h be (-2 + (-14)/(-6))*m. Suppose 122 = h*d - 2. Is d a composite number?
False
Let t = 387 - 185. Is t a prime number?
False
Suppose 343 = s + 2*i, 0 = 2*s - s + i - 341. Is s a composite number?
True
Let o = 6 - -4. Is o composite?
True
Suppose 2*y - 9 = -2*y - k, -4*y + 13 = 5*k. Suppose 72 = 4*j - 5*b, 0*j + y*b = 2*j - 36. Let g = 33 - j. Is g a prime number?
False
Let p = 291 - 164. Is p composite?
False
Let f be (-22628)/(-52) + 4/(-26). Suppose -4*a - a + f = 0. Is a a prime number?
False
Let u = -4 - 2. Let h be 380/9 - u/(-27). Is 12/h - 1158/(-14) prime?
True
Let w be (-3 + 7)/((-2)/(-5)). Suppose -4*l - w = s, 0*s + 4*s + 3*l = -1. Is s/(-3) - (-226)/6 prime?
True
Let d = -618 + 2563. Is d prime?
False
Suppose -i + 174 = o, 0 = 4*i + 2*o - 7*o - 660. Suppose 4*m - 4*h - i = 2*m, -75 = -m + 4*h. Is m composite?
True
Suppose 0*t = t, -5*t = -5*i + 20. Let q be 171/i - 1/(-4). Let l = q + 12. Is l a prime number?
False
Suppose -3*m = -0*m + b - 16, -5*m + 4*b = -38. Suppose 2*x - m - 4 = 4*o, 3*x - 5*o = 15. Suppose -2*f = n - 28, 3*n = -2*n + x*f + 95. Is n composite?
True
Suppose -4*q + 45 = 5*a, -3*a = 2*q - 5*q. Suppose 4*m - q*m = -191. Is m composite?
False
Let r(j) = 140*j - 11. Is r(3) prime?
True
Let r = 6 - 7. Is -5*((r - 0) + -2) composite?
True
Let b(n) = -4*n**3 - n**2 + 2*n - 1. Let g be b(1). Let c be 35/(-2 - 6/g). Let u = -47 - c. Is u a composite number?
False
Let d = -72 + 283. Is d a composite number?
False
Let j(r) = r**2 - 1. Let m(t) = 3*t**2 + 7*t - 9. Let o(d) = 5*j(d) - m(d). Is o(5) composite?
False
Let t(f) = 3*f**2 - 3*f + 1. Let g be t(-5). Let j = -54 + g. Let d = 59 - j. Is d composite?
True
Let c be ((2 + 2)/1)/1. Is (1 + 2 - c) + 86 prime?
False
Suppose -3*y = -3*b + 1449, -y - 722 = 3*b - 2163. Is b prime?
False
Suppose 7*h - 4*h = -5*o - 29, 4*o = 4*h + 28. Let j = -6 - h. Suppose -5*l + 292 = -0*l - 3*y, j*l + y = 119. Is l prime?
True
Let v = 461 - 256. Is v a prime number?
Fal